 of w?
1
Let u = 157 + -100. Suppose p = 4*r + u, 4*p - p = 4*r + 131. What is the tens digit of p?
3
Suppose -p = -7*w + 3*w + 4, 5*w = 4*p - 6. What is the units digit of ((-3)/6)/((-2)/p)?
1
Suppose -3*f + 48 = 5*x - 8*x, -4*f + 73 = -x. What is the tens digit of f?
1
Suppose -v + y = -27 - 12, -4*v = -3*y - 157. What is the units digit of v?
0
Let w = 5 + -1. Let h(o) = o - 6*o - o**2 - 2 - w*o + o. What is the tens digit of h(-6)?
1
Let n = -30 + 53. What is the units digit of n?
3
Let i be -3 + (-4 - -3) + 8. What is the units digit of 0/i - (-7 + 0)?
7
Suppose 11*s - 1506 - 111 = 0. What is the tens digit of s?
4
Suppose 5*w - 2*m + 2 = 0, 5*m - m = -16. What is the tens digit of (-8)/(-2) + 40 + w?
4
Suppose 5*l + 2*m = 5*m - 70, -3*l + 4*m - 53 = 0. What is the units digit of (l - -4)*6/(-7)?
6
What is the units digit of (-2)/4 - (842/(-4) + -3)?
3
Let h(x) = x**2 - 10*x + 13. Let p be h(9). Let v be 2/p*-6 - 39. What is the tens digit of v/(-9)*(-9)/(-2)?
2
Suppose 584 = 9*r - 910. What is the units digit of r?
6
Let i(m) = -m**3 - 5*m**2 - 14*m + 4. What is the tens digit of i(-5)?
7
Let p(x) = x**3 - 3*x**2 - 3*x + 1. Let j = -5 - -9. Let i be p(j). Suppose -3*b - i = -4*b. What is the units digit of b?
5
Suppose 2*q + 5*o = 108, 2*o = -2*q - 3*q + 249. What is the units digit of q?
9
Suppose -2*l = -3*n + 2*n - 147, -4*n = 4*l - 324. What is the units digit of l?
6
Suppose 2*n = -3*n + 30. Suppose -2*a + 23 + 29 = 0. Suppose 4*x + n = a. What is the units digit of x?
5
Let p be 2/7 - 330/(-21). Suppose q + p = 3*q. What is the units digit of 4/1*4/q?
2
Suppose -7*q - 92 = -11*q. What is the tens digit of q?
2
Suppose 3*f = -z + 66, -7*f = 4*z - 2*f - 257. What is the tens digit of z?
6
Let u(d) = -5*d**2 - 4 - 4*d**3 + 5*d**3 - 2*d**3 + 3*d. Let r be u(-6). Suppose -2*t = -50 + r. What is the tens digit of t?
1
Suppose -4*q + q + 48 = 3*u, -3*u - q + 40 = 0. What is the tens digit of u?
1
Let r(v) = -v + 11. Let z be r(10). Suppose 3 - z = -l. Let c = l - -6. What is the units digit of c?
4
Suppose 4*q + z = 601, z + 3 = -0. What is the tens digit of q?
5
Let r(h) = 2*h - 16. Suppose -3*a - 4*w + 25 = 0, 4 = -a - 4*w + 7. What is the units digit of r(a)?
6
Let q(s) be the third derivative of s**5/60 + s**4/24 - s**3/6 - 29*s**2. Suppose -2*a = 3*a + 15. What is the units digit of q(a)?
5
Suppose 86 = 4*u + u + 2*h, 2*u - 35 = -h. What is the units digit of u?
6
Let s(t) = -t**2 + 7*t - 4. Let y be s(6). Suppose 3*n = y*n + 23. What is the units digit of n?
3
What is the units digit of 7/(-35) - (-122)/10?
2
Let t(i) be the first derivative of -i**3/3 + 4*i**2 + 4*i - 3. What is the tens digit of t(7)?
1
Let r be (1/2 + -1)*-8. Suppose r*k - t - 1 = 0, -3*t - 3 + 0 = 2*k. Suppose 0 = -q - k + 2. What is the units digit of q?
2
Suppose -4*o = -27 - 41. Let c = o - 9. What is the units digit of c?
8
Let g = 85 - 34. Suppose -79 = -5*n + g. What is the units digit of n?
6
Suppose 0 = u - 3*u + 6. Suppose 2*o = -j - 4*j + 53, 0 = -5*o + u*j + 55. What is the units digit of o?
4
Suppose 3*y = -3*z + 108, -5*z - 24 = -y - 3*z. Suppose 0*t - y = 4*t. What is the units digit of (-15)/(-12) + (-6)/t?
2
What is the units digit of (0 + (-30)/9)*(-138)/4?
5
Let u(g) = g**3 - g**2 + 39. Let z be u(0). Let j be (-6)/z - 54/(-13). Suppose 7 = y + 2*v - v, 2*v = -j. What is the units digit of y?
9
Let o = -42 - -65. What is the tens digit of o?
2
Suppose 137 = t - k, 208 = 2*t + 5*k - 38. What is the units digit of t?
3
Suppose 4*l = 3*l + 36. What is the units digit of l?
6
Let s be (3 - 0/1) + -21. Let o be (-1)/3 + (-132)/s. What is the units digit of o - 1*(-3 + 6)?
4
Suppose 3 = -3*g + 3*q, 5*g - 22 = -5*q + 3. Suppose g*c - c = 2. Suppose 0 = -3*b - c*d + 43, 2*b - 2*d = -0*d + 12. What is the units digit of b?
1
Let m = -13 + 27. What is the units digit of m?
4
Let h(x) = 3*x - 4. Let y(t) = -t + 0*t + 1 + 0*t. Let n be y(-2). What is the units digit of h(n)?
5
Suppose -x = -4*x - 9. Let n be (-36)/x*6/4. Suppose p + 2*p = n. What is the units digit of p?
6
Let m(q) be the first derivative of -q**4/4 + 4*q**3/3 + q**2/2 - 5*q - 4. Let j be m(4). Let w = 15 + j. What is the units digit of w?
4
What is the units digit of (50/(-15))/(2/(-3))?
5
Suppose 4*b + 108 = 612. What is the hundreds digit of b?
1
Let a = 7 + -4. Suppose z - a + 0 = 0. What is the units digit of z?
3
Let f = -23 - -35. Suppose -2*r + f = 2*r. What is the units digit of 1/r - 4/(-6)?
1
Let z = -27 + 38. Let h = z + 1. What is the units digit of h?
2
Let x = -131 + 186. What is the tens digit of x?
5
Let w(r) = r**2 + 6*r + 1. What is the units digit of w(-10)?
1
Let f(a) = -a**2 + 12*a + 4. What is the units digit of f(9)?
1
Let t = -6 - -9. Suppose 2*p = t*j + 8, -4*j = p - 0*j - 15. Let k(c) = 3*c - 5. What is the units digit of k(p)?
6
Let y = 6 - 1. Suppose 0 = -0*o - 3*o. Suppose -3*x + c = -19 - o, -x + y*c - 17 = 0. What is the units digit of x?
8
Suppose -8*m = -5*m - 51. What is the units digit of m?
7
Let f(w) = -w**3 + 2*w**2 + 2. Let i(l) = 5*l - l**2 - 4*l + 4*l - 4. Let c be i(3). What is the units digit of f(c)?
2
Let g be 3/(-3) + 1*4. Let s be (-4)/16 - (-50)/8. What is the units digit of g*6/9 + s?
8
Let r(o) = o**2 + 7*o - 12. Suppose -4*z = -2*z + 18. What is the units digit of r(z)?
6
Let i(w) = -2*w + 7. What is the units digit of i(-5)?
7
Let p(k) be the third derivative of 3*k**4/8 - 7*k**3/6 + 2*k**2. Let z(l) = 5*l - 4. Let q(c) = 3*p(c) - 5*z(c). What is the units digit of q(2)?
3
Suppose -2*w - b - 2 = -27, -2*b = -5*w + 85. Let g = w + -1. What is the units digit of g?
4
Let j(h) = 9*h**3 - h**2 + 3*h. Let v(s) = s**3 + s. Let n(g) = j(g) - 3*v(g). Let x be n(1). Let f = -3 + x. What is the units digit of f?
2
Let n(h) = -h**2 + h. Let g be n(0). Suppose g = -t + 6 + 3. What is the units digit of t?
9
What is the tens digit of (12 + -62)/(-3*(-4)/(-6))?
2
Suppose -10 = 5*x, -5*r - 12 = -5*x + 13. Let m be 4/(-10) + r/(-5). What is the units digit of (-80)/(-12)*3/m?
0
Let i = 9 + 1. Suppose i = 14*s - 9*s. What is the units digit of s?
2
What is the tens digit of -11*(-25)/(-15)*-3?
5
Let u = -15 + 21. Suppose 3*b = u + 9. What is the units digit of b?
5
Let d = 9 - -1. Let q = d + 34. What is the tens digit of q?
4
Suppose -6*b = -0*b - 30. What is the units digit of b?
5
Let g = 51 + -40. Let m(c) = -10 + c + 0*c + 3. What is the units digit of m(g)?
4
Suppose -k - 2*t = -5, t - 6 = 5*k - 20. Suppose -o = k*o - 12. What is the units digit of o?
3
Suppose k = -3*m + 82, -155 = -5*m - k + 3*k. What is the tens digit of m?
2
Suppose 16 = 2*p + 4*k, -p + 14 - 1 = 3*k. Let m = 2 - 1. What is the units digit of (p/4)/(m/(-14))?
7
Let l = 11 - 9. Suppose -5*t + 30 = -l*t. What is the units digit of t?
0
Let c be (0/1)/(3 + -4). Suppose -2*z + 10 = -c*z. What is the units digit of z?
5
Suppose -4*j + 48 = -3*k, -3*j = -3*k - k - 43. What is the units digit of 11/j + (-2)/9?
1
Let t(p) = -p + 2*p**2 - 7 + 3 + 3*p. What is the units digit of t(-3)?
8
Let f = -18 + 28. Suppose -2*k + f = -2. What is the units digit of k?
6
What is the tens digit of (-10)/1*(-42)/28?
1
Suppose 2*c = -0*c + 130. What is the units digit of c?
5
Suppose 2*t + t = 0. Suppose t = -2*h - 5*z - 18, -5*z - 21 = h - 2*h. Let f = h - 0. What is the units digit of f?
1
Suppose -4*m + 3*v = 6, 2 = -m + v - 0. Suppose 3*x = 4*x + 5*u - 54, -5*u + 15 = m. What is the units digit of x?
9
Let x be (0 - 3/(-6))*0. Suppose 11*q - 9*q - 66 = x. What is the tens digit of q?
3
Let r(j) = j**2 - 2*j - 5. Let z be r(4). Suppose -49 - z = -4*f. What is the tens digit of f?
1
Suppose 0 = -5*w + 4*w + 131. Suppose -4*f - w = -5*j, -f + 3 = 2*f. What is the tens digit of j?
2
Let d(c) be the third derivative of c**4/24 - c**3/6 + c**2. What is the units digit of d(5)?
4
Suppose 104 = 2*v - 44. Let g = v - 44. What is the units digit of 3*5/(g/16)?
8
Let l be (-6)/(-15) + 36/10. Let h = l - -1. What is the units digit of h?
5
Let z(u) = -u**2 + u**3 - 2*u + 0 - 8*u**3 - 1. Let q be (5/2 + -2)*-2. What is the units digit of z(q)?
7
Let u(k) = 2*k + 11. Let b = 8 + 0. What is the tens digit of u(b)?
2
Let h(m) = -m**3 + 6*m**2 - 4*m + 2. Let b be h(5). Suppose -b*x + 4*x = -75. What is the unit